 and 26583?
3
Calculate the highest common divisor of 34370 and 17038.
14
What is the highest common factor of 648 and 1940409?
27
Calculate the highest common divisor of 289029 and 13689.
39
What is the highest common factor of 53050 and 2775?
25
Calculate the highest common divisor of 3738992 and 80.
16
Calculate the highest common divisor of 316 and 27668.
4
What is the highest common divisor of 19065 and 1022335205?
6355
What is the highest common factor of 1880 and 300095?
235
Calculate the highest common factor of 56277176 and 8.
8
What is the highest common factor of 7504 and 12453424?
1072
Calculate the highest common divisor of 734282 and 382122.
142
Calculate the highest common factor of 623 and 23536851.
89
Calculate the highest common divisor of 3 and 177166791.
3
Calculate the greatest common factor of 3893478 and 430.
86
What is the greatest common divisor of 179 and 148815230?
179
Calculate the greatest common divisor of 53640 and 60840.
360
What is the greatest common factor of 6967716 and 345639?
2289
Calculate the greatest common divisor of 66 and 32501160.
6
What is the highest common factor of 379910 and 520?
10
Calculate the greatest common factor of 234481776 and 2412.
804
What is the highest common factor of 94975 and 40751873?
3799
Calculate the highest common divisor of 17982 and 1731600.
666
Calculate the greatest common divisor of 220177 and 471.
1
Calculate the greatest common divisor of 9311104 and 608.
32
What is the highest common factor of 417186 and 3865708?
1078
What is the greatest common factor of 25542 and 935154?
198
Calculate the highest common divisor of 819 and 2327962.
91
What is the highest common factor of 10974 and 241242?
186
Calculate the highest common factor of 109138510 and 6760.
1690
Calculate the highest common factor of 2336 and 143168.
32
Calculate the greatest common divisor of 9329331 and 33.
33
Calculate the highest common factor of 160 and 102152180.
20
Calculate the greatest common factor of 684789477 and 139.
139
Calculate the highest common factor of 33852 and 9738456.
1092
What is the highest common divisor of 521950 and 411866?
1898
Calculate the greatest common divisor of 8280067 and 610584.
1957
What is the highest common factor of 119 and 45021508?
119
What is the highest common divisor of 6236519 and 1031?
1031
Calculate the highest common factor of 11847708 and 4590.
918
Calculate the greatest common factor of 353421 and 11871.
9
Calculate the greatest common factor of 440585491 and 1461.
487
Calculate the highest common divisor of 2208 and 28878.
6
Calculate the highest common divisor of 398 and 18657842.
398
What is the highest common divisor of 89362 and 8593?
13
Calculate the highest common divisor of 4310 and 16353002.
862
What is the greatest common divisor of 23023 and 266777?
161
Calculate the greatest common factor of 36582 and 15806.
14
Calculate the highest common factor of 75997026 and 21714.
1974
What is the highest common factor of 160602 and 15?
3
What is the greatest common divisor of 4825486 and 214?
214
What is the greatest common factor of 192 and 865872?
48
What is the highest common factor of 3181116 and 1500?
12
Calculate the highest common divisor of 77 and 304894051.
77
Calculate the highest common factor of 76590852 and 312.
156
What is the highest common divisor of 142731637 and 853?
853
Calculate the greatest common factor of 18 and 13710798.
18
Calculate the highest common factor of 9422163 and 324.
81
Calculate the highest common divisor of 37 and 36299.
1
What is the highest common divisor of 4226 and 1173357352?
4226
Calculate the highest common divisor of 6468 and 5322372.
132
Calculate the highest common divisor of 15962 and 7079494.
694
Calculate the highest common factor of 20144264 and 88.
8
Calculate the highest common factor of 970541 and 73931.
1573
Calculate the highest common divisor of 2982 and 11516981.
497
What is the greatest common factor of 14014 and 3878056?
1274
What is the highest common divisor of 4842 and 50191634?
538
What is the highest common divisor of 121 and 33879010?
11
What is the highest common factor of 3021 and 15933761?
1007
What is the highest common divisor of 203502514 and 29424?
1226
What is the greatest common factor of 606 and 15086774?
202
What is the greatest common divisor of 7 and 42658063?
7
What is the greatest common factor of 112230 and 8335?
5
What is the greatest common factor of 9 and 4481766?
9
What is the greatest common divisor of 4875882 and 231?
33
Calculate the greatest common divisor of 8400574 and 43127.
707
Calculate the highest common factor of 642219 and 168150.
57
Calculate the highest common factor of 1426707 and 14893.
53
Calculate the highest common factor of 177659 and 293753.
1759
Calculate the highest common divisor of 351 and 229125.
39
What is the greatest common divisor of 138333250 and 13750?
2750
Calculate the highest common divisor of 14720 and 33344.
64
What is the highest common factor of 159875869 and 2307?
769
What is the highest common factor of 4904944397 and 8653?
8653
What is the greatest common divisor of 317770 and 78174?
86
Calculate the highest common factor of 9 and 322576083.
9
What is the highest common factor of 1494 and 838260243?
747
What is the greatest common divisor of 16 and 27286336?
16
What is the highest common divisor of 1606 and 493947784?
1606
What is the greatest common factor of 1123 and 1690684361?
1123
What is the greatest common divisor of 25779 and 11237?
661
Calculate the highest common divisor of 79124 and 2027880.
524
Calculate the greatest common divisor of 230954404 and 16.
4
Calculate the highest common divisor of 77 and 25276237.
7
What is the highest common divisor of 1620 and 183513870?
270
Calculate the greatest common factor of 695786 and 32396.
182
What is the greatest common factor of 21 and 28645743?
21
What is the highest common divisor of 1333911 and 423?
3
Calculate the highest common factor of 4984 and 3460142.
1246
What is the highest common factor of 27578936 and 1232?
616
Calculate the greatest common factor of 18643985 and 17.
17
Calculate the highest common divisor of 29369 and 515226.
43
Calculate the greatest common divisor of 1677793 and 442.
13
Calculate the highest common factor of 1841455 and 1485.
55
What is the greatest common divisor of 9492 and 2017276?
452
Calculate the greatest common divisor of 115311 and 58883223.
6783
What is the highest common divisor of 1119 and 159?
3
Calculate the highest common factor of 884347 and 227119.
383
Calculate the highest common factor of 35958156 and 168.
12
What is the greatest common factor of 63791721 and 4668?
1167
What is the highest common factor of 208596647 and 14?
7
Calculate the greatest common factor of 197112 and 110780.
764
What is the highest common divisor of 504060994 and 1786?
1786
What is the highest common factor of 24696 and 43031408?
2744
What is the greatest common divisor of 447 and 13576433?
149
Calculate the greatest common factor of 124304 and 1808.
16
What is the highest common factor of 1343057 and 29?
1
What is the highest common divisor of 422742 and 1872?
6
What is the highest common factor of 990 and 7116142?
22
What is the greatest common divisor of 196 and 4944247?
49
What is the greatest common divisor of 32057670 and 30?
30
Calculate the greatest common factor of 90317671 and 2.
1
Calculate the highest common divisor of 31654935 and 90.
45
Calculate the highest common divisor of 34109408 and 152.
152
What is the greatest common divisor of 277609 and 223779?
769
What is the greatest common divisor of 23159850 and 17850?
1050
Calculate the highest common divisor of 809 and 1421771387.
809
What is the highest common divisor of 964565 and 62279?
1519
What is the greatest common divisor of 38416 and 1980384?
784
Calculate the greatest common divisor of 8027 and 4334929.
349
What is the highest common factor of 7722297 and 33?
33
What is the highest common factor of 2085 and 513105?
15
Calculate the greatest common factor of 30401 and 15969211.
4343
Calculate the greatest common factor of 1378258 and 15946.
238
What is the greatest common factor of 329 and 92029?
7
What is the highest common divisor of 13494343 and 10544?
659
What is th